lue of 7 + 18 + (-9 - 5) - 51?
-40
What is -75 + -17 + 87 + 49?
44
Calculate (56 - 0) + -5 + -18 + (-12 - -22) + 5.
48
Evaluate 27 - (-10 - -11) - (-14 - -6) - 22.
12
Calculate 2 + -69 + (328 + -339 - (-15 + 0)) + 5.
-58
Calculate 88 - ((27 - 0) + -18 - (-5 - -30)).
104
Calculate 3 + ((-40 - -2) + 2 - (-59 - (-69 + 13))).
-30
What is the value of 3 + -1 + (-41 - (-56 - -22)) + -28?
-33
What is the value of (57 - (5 + (-7 - -31))) + 7?
35
Evaluate 6 + 5 + -4 + (8 - (21 + 7)).
-13
What is the value of 8 + (10 - 19) + 1 + (4 - 5) - -41?
40
35 + 6 + -30 - (20 - (14 + -7))
-2
Evaluate -16 + -30 + 48 + -9 + 1 + 69 + 1.
64
Evaluate (-65 - -24) + -4 + (2 - (6 + 9)).
-58
Calculate -21 + -4 + 69 + (16 - 14).
46
Evaluate 49 + (30 - (-22 + 61)).
40
-140 + -52 + 43 + 6
-143
-12 + -5 + -2 + (9 - 1) + -8
-19
What is -14 - -48 - (10 + 30 - -1)?
-7
What is the value of 39 - (8 + (-1 - -47))?
-15
-5 + 1 + -1 - (-116 + -98 + 161)
48
16 + (113 + (-18 - -12) - 29)
94
What is the value of -28 + (4 - 1) + -951 + 966?
-10
Evaluate -12 + (68 - (73 + -21)).
4
What is the value of (-301 + 85 - -176) + 0 + -27?
-67
-130 - -135 - (-1 - -10) - (-2 - 115)
113
What is 4 - ((11 - 5) + -8)?
6
Calculate -210 - -216 - ((-4 - 6) + 4 + -1 + -136).
149
What is 22 + 32 + -67 + 26?
13
What is the value of (58 - (84 + -11)) + 1 + 16 - 18?
-16
(2 - -3) + -5 + (12 - 24) + -16
-28
Calculate 8 + 8 + -31 + (157 - 154).
-12
Evaluate 15 - (24 - (8 - 10) - -1).
-12
What is the value of 7 + (3 - (-11 - -10)) - (-13 - -3)?
21
Calculate (-99 - -13 - -31) + -7 + 21.
-41
Calculate -58 + -4 + (-57 - (24 + -101)).
-42
What is the value of (1 - 7) + (-32 - (22 + -61)) + 52?
53
What is the value of (-39 - -74) + -45 + -7?
-17
(52 - 72 - 24) + (0 - 0)
-44
Evaluate (-42 + 2 - -3) + -23 + 34 + (1 - 20).
-45
What is the value of 23 + (3 - 55) + 15?
-14
What is the value of -9 + 15 + 1 + (3 + -12 - 4) + 6?
0
Calculate (30 + -52 - -11) + 10 + 2 + -4.
-3
What is -1 - (52 + -31 + 22)?
-44
What is 108 + -43 + -121 - -13?
-43
Calculate 16 - (-7 - (-54 + 19)) - 5.
-17
0 + 35 + (7 - 3) - (-11 + -8 + 7)
51
Calculate -350 + 389 + (-4 - (2 + -2 - 0)).
35
(-9 + -30 + 51 - (35 + -1)) + -6
-28
Calculate 122 - (-10 + -19 - -57) - 13.
81
Calculate 201 + -289 + 63 + 50 + 0.
25
What is -54 - (-29 + 45 - 56)?
-14
Evaluate 12 + -39 + (-35 - -35).
-27
Calculate 42 + 22 + -87 - (94 - -7).
-124
-4 + 2 + -3 + 17 + 6
18
What is the value of -5 + (-4 - (-2 - 0 - -6) - -16)?
3
Calculate (-2 - -25 - (174 + -169)) + -35.
-17
What is the value of (7 - -19) + 19 + -22 + 17 + 0?
40
What is -160 + 164 - (39 + 7)?
-42
What is (9 - (12 - (53 + 3))) + -28 + 39?
64
What is (1 - ((15 - 17) + (-11 - (0 - 6)))) + 58?
66
What is the value of -5 + 29 + 22 + -30 + -15 + 1?
2
26 - -10 - (433 - 374)
-23
What is -20 - -4 - ((525 - 554) + (1 - -10))?
2
Calculate 11 + -20 + 19 + -17 - -55.
48
-20 + 4 + (-1015 - -1002 - ((1 - 57) + 3))
24
What is 2651 - 2692 - (2 - 32)?
-11
What is the value of 3111 + -3166 + 1 + 131?
77
What is 18 + -22 + -134 + 27 + -14?
-125
Calculate -1 - (-103 + (-60 - -76)).
86
Calculate (-29 + 8 - 0) + (-8 + 20 - 15).
-24
What is (37 - (13 + -12)) + (-195 - -170)?
11
What is (-2 - -4) + -58 + (96 - -5)?
45
96 - 146 - (-5 - 30)
-15
(-78 - 1) + (318 - 299) + 23
-37
Calculate (53 + -33 - (-1 - -9)) + -66 + 29.
-25
What is the value of 64 - (92 + (-1 - 19))?
-8
Calculate 1 + 4 + (-8 + 124 + -125 - (31 + 2)).
-37
Evaluate 8 + (-57 + 29 - -29).
9
What is the value of -10 - (-23 - (-79 + 141))?
75
What is the value of 5 - (-3 + 6) - -33 - (-426 + 427)?
34
Calculate (7322 - 7336) + (1 - 1) + -1 + 63.
48
(5 - (14 + -59)) + -21 - 7
22
Evaluate (-314 - -327) + (-1 - (19 + -1)) - 12.
-18
Calculate (-6 - -9 - 7) + 4 - (13 - (-29 + 4)).
-38
(-3 - -1) + 8 + -2 + 9 + 22
35
What is (11 - 92) + 103 + 0?
22
338 - 367 - (-100 + -1 + 2)
70
What is (4 + -6 + 5 - 10) + 6 + 15?
14
What is 1 + (-92 - -15) + 26 + -16?
-66
What is (153 - 128) + (29 - 25) + -95?
-66
What is (95 - 134) + 2 + -25 - -22?
-40
Calculate (-7 + -33 - (-6 - -7 - 3)) + -11.
-49
What is the value of 5 + ((46 - 36) + (19 - -1) - (17 - 1))?
19
Evaluate 53 - (-20 + -1 - (71 - 103)).
42
Calculate (-49 - -16) + -43 + 91.
15
What is the value of -79 - (-11 + -2 - (-195 + 190))?
-71
Evaluate -9 + (0 + 34 - 4) - (79 + -88).
30
Calculate -72 + (67 - (63 + -116)).
48
Calculate -22 + 34 - (-1 + (-7 - 0) + 1).
19
Evaluate (-2 - (3 - -2)) + (68 + -264 - -207).
4
What is the value of -16 + 4 + (-25 - (0 - (-25 + -8 + 19)))?
-51
What is the value of (-1 - 20) + -146 + (200 - 40)?
-7
Evaluate (-9 - -22) + (19 - -15) + -8 + (-8 - -5).
36
-45 + 47 + 44 + -30
16
What is (2 + 8 - (-161 + 120)) + 8?
59
2 + 1 - (3 + -2 + -2) - (6374 - 6389)
19
What is the value of 1 + -4 + 0 + -7 + 1 - (-19 - -48)?
-38
What is 4 - (12 + -72 + 97)?
-33
Evaluate (23 - 1) + 1060 + -1092 + (0 - -16) + 0.
6
What is the value of -13 - (-3 + 0) - (149 + -168)?
9
Calculate (4 - 3) + 10 + -103 + 98 - -7.
13
-67 - (1 + 0 + -6 + (231 - 220))
-73
126 - (19 + (83 - 37))
61
-21 - (-16 + -20) - 30 - 53
-68
What is the value of -12 + (71 + -20 - 12)?
27
Calculate 60 - (100 + (53 - 61)).
-32
42 + -30 + 0 + 11 + 4 + 18
45
What is the value of 12 + -12 + 2 + 49 + -4?
47
-63 + 34 - (16 + 31 + 31)
-107
Calculate (-89 - -33 - -20) + 82.
46
What is the value of (-37 - ((-6 + 3 - -2) + -3)) + (-401 - -408)?
-26
What is the value of (193 - 81) + -162 + -84?
-134
Evaluate 3 + 9 + (17 - (0 - 42) - (2 + -10)).
79
Calculate -1 + -4 + 1 - ((38 - (-30 + 36)) + 13).
-49
-127 - (-82 + -145 + -7)
107
Calculate (-4 + 6 - (94 - 171)) + -20 - -16.
75
1 + -23 + -65 + 65 + (2 - -2)
-18
-61 - (9 - (117 + 31))
78
What is the value of 31 - (-14 + 41) - (14 - 29)?
19
Evaluate -91 + 36 + 32 - (-5 - -2).
-20
Calculate 18 - (94 + -157 + 76).
5
Evaluate 0 + -3 + (-3 - (-5 + -4)) + (-605 - -527).
-75
What is the value of 13 + -4 - (5 + (5 + 4 - -19) + 8)?
-32
3 + -12 + (43 - ((-5 - 8) + 24))
23
(18 - 1 - (11 - (-16 + (6 - -28)))) + -6
18
(-8 + 1 - ((22 - 10) + -34)) + -2 + -63
-50
Calculate (-30 - -168 - 112) + (-26 - 0).
0
What is (63 - (82 - 87)) + -63?
5
What is 29 + -53 + 201 + -118?
59
Calculate -5 + 9 + (-4 - (4 + -3)) - (-141 + 151).
-11
What is the value of -10 + -29 - (23 - 82)?
20
3 - -9 - (-13 + 32 + -13 - 43)
49
0 + (-2 + 5 + 2 - (-11 - (-13 - -55)))
58
Calculate 39 + (-17 - (14 + -22 + 10)).
20
What is the value of 4 + -11 + 13 + (-12 + 2 + 2 - -7)?
5
What is the value of -71 + 156 - -40 - 57?
68
-25 + (112 - 45) - (4 + -7 + 11)
34
1 + 12 - (6112 + -6140)
41
-60 + (95 - (-26 + 91))
-30
Calculate 16 + -65 + 58 - (-1 - -8 - (-1 + -3)).
-2
What is (2 + -4 - -25) + (31 - (-10 - -34))?
30
Calculate -11 + (24 - 27) - 7 - -24.
3
Evaluate -646 + 638 + (-10 - (-1 + 0 + (2 - -3))).
-22
What is -6 + (0 + -9 - (-572 - -577 - (-62 - -1)))?
-81
Evaluate 0 + -2 + 23 + -22 + 32 - (3 - 2).
30
-37 + -58 + 98 - -6
9
What is -15 + 43 + (40 - 45)?
23
What is (5 - (-14 - -33)) + 11 + (-53 - 1) - 0?
-57
Evaluate -6 + (-3 - (18 + -2 + -29)).
4
Evaluate (-5 + -26 - 40) + 14 + 6.
-51
What is (-1 - -1) + (5 - (9 - 56)) + -18 + 9?
43
(-2 - -12) + (79 - (-7 - -66))
30
What is the value of (0 - 76) + (42 + -83 - -62) + (-14 - -2)?
-67
Evaluate (10 - 15 - -7) + (-17 - -43).
28
Evaluate 57 + 5 - (4 + 27 - 54).
85
Evaluate -17 + (58 - 22) + -13 + -17 + 2 + -23.
-32
(7 + 4 + (-15 - 30) - 15) + 14
-35
What is the value of -123 + -72 + (-55 - -196)?
-54
42 - (1 - 2 - -22) - 59
-38
0 - 15 - ((-29 - (-21 - -4)) + 26)
-29
What is the value of -116 + -65 + 154 + -90?
-117
What is the value of -29 - (36 - (7 + -35 + 0))?
-93
Calculate (-2 - -24) + (-274 - -259) + 0 + -2 + -48.
-43
What is -41 + 3 + -28 + (-56 - -34) + 49?
-39
What is 10 - (-7 - (56 - (-5 - (3 + (2 - 11)))))?
72
Evaluate (-57 - (-160 - -86)) + -88.
-71
(26 - (-33 + 86 + -35)) + 10
18
Evaluate -27 + -4 + 28 - (-3 - (-1 - -42)).
41
(-32 - -63) + -39 + -19
-27
15 + (-11 - 13) - (5 + -4 + 13)
-23
What is (-9 + 4 - 128) + (536 - 498)?
-95
Calculate 109 + (-1 + -4 - 4) + (19 - 13 - 18).
88
What is the value of (72 - 44) + (2 - 1)?
29
-2 + 20 - (519 - 491)
-10
What is (-21 + 19 - (-4 + -11) - 24) + -41?
-52
What is 19 - ((-28 - (-40 + 10)) + 45)?
-28
(-55 - (-79 + 22)) + -75
-73
What is 213 + (66 - 201) - (-1 + 2 + -3)?
80
What is t